 8*b - 8 + 5*b - 11*b. Determine m(6).
4
Let c(y) = 7*y. Let z be (-18)/(-4) - (-5)/10. Suppose -2*w = -2, t - z*w + 1 + 2 = 0. What is c(t)?
14
Let f(w) = -w**2 - 5*w + 5. Let p = 4 - 10. Let q be f(p). Let s = -4 - q. Let u(k) = -k**3 - 2*k**2 + 3*k + 2. Determine u(s).
2
Let o(q) = q**3 - 3*q**2 + 3*q - 3. Suppose 4*g = -t - g - 22, 5*g + 70 = -5*t. Let a = t + 14. What is o(a)?
-1
Let n(g) = g + 1. Suppose -4*j - 31 = -43. Give n(j).
4
Let r(m) = -4*m - 4. Let p(k) = 17*k + 17. Let g(v) = 6*p(v) + 26*r(v). Let z be (2 + (-28)/12)/((-5)/(-30)). Calculate g(z).
2
Let t(j) = 9*j - 2. Let g(y) = y - 1. Let x(s) = -3*g(s) + t(s). Give x(-2).
-11
Let b be (-30)/(-7) - 4/14. Suppose b*u - 15 = l, -3*u - 2*l - 1 = -4. Let d(a) = a. Let k(z) = z**2 + z - 3. Let p(w) = 4*d(w) - k(w). What is p(u)?
3
Let s(c) = -9*c - 4. Let b(z) = 8*z + 4. Let u(k) = 6*b(k) + 5*s(k). Calculate u(-3).
-5
Let a(y) be the first derivative of 0*y + 1/2*y**2 - 1/4*y**4 + 2/3*y**3 - 1. Suppose 5*t = 4*t + 2. Determine a(t).
2
Let g(q) = -1. Let i(x) = x**3 + 3*x**2 + 7. Let c(d) = 6*g(d) + i(d). Let t be c(-3). Let f(p) = 0 + 3*p + 2*p + 1. What is f(t)?
6
Let r(b) be the first derivative of -b**5/60 - b**4/6 - b**3/6 - 3*b**2 - 5. Let y(k) be the second derivative of r(k). Determine y(-3).
2
Let h(d) be the third derivative of d**5/60 - d**4/6 - d**3/2 + 3*d**2. Let y = -12 - -17. Determine h(y).
2
Let t(j) = 5*j**2 + 25*j + 9. Let f(m) = -m**2 - 5*m - 2. Let r(y) = -11*f(y) - 2*t(y). Determine r(-5).
4
Let n(z) = z**3 + z - 20*z**2 + 16*z**2 + 2*z + 2. Give n(3).
2
Let n(l) = -l**3 + 5*l**2 - 4*l + 5. Suppose -4*y + 4*x + 0 = -4, x = 2. Let k = y - -1. Give n(k).
5
Suppose 0 = 9*b - 21*b + 36. Let r(j) = -5*j + 1. Let c(a) = a + 1. Let v(h) = 3*c(h) + r(h). What is v(b)?
-2
Suppose -2*n + 26 = 3*n - q, -3*n + 5*q + 20 = 0. Suppose k = -n*z + 24, -3*k = 4*z - 0*k - 17. Let r(f) = f**3 - 4*f**2 - 7*f + 6. What is r(z)?
-4
Suppose 0 = 3*a - 0*a - 6. Let n(k) = -3*k - a*k**2 + 4 + 0 + k**2. Suppose -2*f - 4*d = 8, 5*f - 2*f + 12 = -d. Determine n(f).
0
Let b be (-3 - (-12)/4)/(-4). Let s(h) = -h + 6. What is s(b)?
6
Let a(x) = -x**3 - x**2 - x + 3. Let h be a(0). Let d(n) = h + 0*n**2 - 4*n**2 - n**3 + 2*n + 3. Let l = 7 - 11. Determine d(l).
-2
Let t(g) = g**2 + 11*g + 14. Suppose -2*s = -3*y - 38, 5*y + 3*s + 46 = 8. What is t(y)?
4
Let v(t) = 13*t + 5. Let s(j) = -3*j - 1. Let f(n) = -9*s(n) - 2*v(n). Suppose -6*w - 1 = -5*w. Let l = 1 + w. Determine f(l).
-1
Let k(n) = n**3 + 2. Let t = 1 - -1. Let y be (14 + 2)/((-1)/t). Let b be (3/2)/(24/y). Calculate k(b).
-6
Let j(o) = -4*o - o**2 + 8*o + o**3 - 5*o - 27. Let n be j(0). Let c be n/(-5) - (-8)/(-20). Let i(s) = -s - 1. What is i(c)?
-6
Let j = -8 + 13. Suppose -i = -j*i + 44. Suppose h = 4*n + i, -2*n - 2*n + 2*h = 14. Let u(o) = -o - 2. What is u(n)?
0
Let u(l) = -l + 7. Let v be u(5). Suppose -r + a = 4*a + 2, v*a = -4*r - 18. Let k(b) be the first derivative of -b**2/2 - 8*b + 1. Determine k(r).
-3
Suppose -k - 3*k + b = -24, 17 = 5*k + 2*b. Let p(x) = -x + 6. Determine p(k).
1
Suppose 4 = 4*x - 56. Suppose -2*v + 5 + x = 0. Let g(q) = v*q - 2*q + 0 + 1. What is g(-1)?
-7
Let d(h) = -2*h**2 - 3*h. Let v(x) = 3*x**2 + 13*x + 16. Let y(z) = -4*z**2 - 13*z - 17. Let q(k) = -3*v(k) - 2*y(k). Let u be q(-12). What is d(u)?
-2
Let z(f) = 2*f**2 - 4*f + 1. Let g(v) = 8*v**2 - 17*v + 4. Let i(m) = 2*g(m) - 9*z(m). Determine i(3).
-13
Let d = 0 + 1. Let y(j) = 2 + 3*j - 1 - 4*j + 10*j. Give y(d).
10
Suppose 2*j + 0 = 4. Suppose -2*u + 3*u = j. Let w(s) = 2*s**2 + 5 - s**3 - 3*s**2 + 2*s**2 - 6*s**u. Calculate w(-5).
5
Let o(m) = -2*m**3 + 1. Let b(f) = -f**2 - 11*f - 2. Let s(v) = -v**2 - 6*v - 1. Let c(w) = -6*b(w) + 11*s(w). Let z be c(1). Let n be 2*6/z - -2. What is o(n)?
3
Let l(q) be the third derivative of q**2 + 1/24*q**4 + 0 - 1/360*q**6 - 1/6*q**3 - 1/24*q**5 + 0*q. Let y(o) be the first derivative of l(o). Determine y(-4).
5
Let n(o) = -7*o**3 + 4*o**2 + 7*o - 11. Let p(w) = -8*w**3 + 4*w**2 + 8*w - 12. Let x(q) = -7*n(q) + 6*p(q). Let i be (12/8)/(6/16). Determine x(i).
1
Suppose -3*f + 2 = 23. Let h = f + 4. Let y(u) be the first derivative of u**2/2 - 3. What is y(h)?
-3
Let t(r) be the first derivative of r**4/4 + 7*r**3/3 - 5*r**2 - 10*r - 12. Determine t(-8).
6
Suppose 0 = -0*n + 2*n - 8. Suppose -n = 2*q + g - 3*g, 0 = q + g - 4. Let c be (-44)/16 + q/(-4). Let h(l) = -2*l - 3. What is h(c)?
3
Let z be 18/15 + (-1)/5. Let w(l) be the second derivative of l**5/30 + l**4/24 - 3*l**2/2 - l. Let v(u) be the first derivative of w(u). Give v(z).
3
Let y(o) = -3*o - 7. Let j(q) = -4*q - 5. Let d(f) = 17*f + 20. Let g(a) = 2*d(a) + 9*j(a). Let w(x) = 7*g(x) - 5*y(x). Calculate w(-1).
-1
Let p(i) be the second derivative of -i**4/12 - 4*i**3/3 + i**2 - 7*i. Calculate p(-6).
14
Let k(o) = o + 8. Let m be (-29)/4 + (-3)/(-12). Determine k(m).
1
Let y(u) = u**2 + 5*u - 3. Let m be y(-6). Let r be -2*m/(-12)*-6. Let v(p) be the second derivative of -p**3/6 + p. Give v(r).
3
Let s = 0 + -3. Suppose -2*k + 4*k = 8. Let f(z) = 4 + k*z - z - 1. Determine f(s).
-6
Suppose 0 = -6*x + 31 - 13. Let n(j) = j**2 - 3*j + 2. Determine n(x).
2
Let s(r) = -5 + 5 + 7*r - 6*r + 4. What is s(-5)?
-1
Let a(t) = t**2 - 5*t + 4. Let r(v) = -3*v**2 + 14*v - 11. Let h(u) = -17*a(u) - 6*r(u). Suppose -d - 6 = -4*f, d - 2*f - 6 = -4*f. Give h(d).
4
Let j(g) be the third derivative of 5*g**4/24 + g**3/2 + g**2. Suppose 66*z = 69*z + 6. Determine j(z).
-7
Let p be 18/(-24)*(-12)/3. Let c(i) = i**3 - 7*i**2 - 8*i + 3. Let t(w) = w**3 - 6*w**2 - 7*w + 2. Let s(f) = 5*c(f) - 6*t(f). Calculate s(p).
-9
Let g(t) = 11*t - 3*t - 9*t. Let r = -8 + 12. Calculate g(r).
-4
Let k(f) = -f**3 + 9*f**2 - 6*f + 5. Let c(n) = 2*n**3 - 18*n**2 + 11*n - 10. Let l(q) = 3*c(q) + 7*k(q). Give l(8).
-3
Let m(z) = -2*z**3 + 7*z**2 - 15*z + 3. Suppose 20 = 2*y + 4. Let k(c) = -3*c**3 + 10*c**2 - 23*c + 4. Let t(l) = y*m(l) - 5*k(l). Determine t(5).
4
Let f(o) be the first derivative of -o**2 + 4*o + 1. Suppose -6 = -7*x + 15. Calculate f(x).
-2
Let w(m) = m - 26 + 12 + 6. Determine w(-6).
-14
Suppose 3 = -4*a - 17. Let o(m) = -m**3 - 4*m**2 + 6*m + 4. Determine o(a).
-1
Let t = 6 - 0. Let m = t + -6. Let x be (-4 - (m - -2)) + 2. Let y(z) = z + 7. Calculate y(x).
3
Let d(x) = 3*x**2 + 4*x + 0 - x**3 + 0. What is d(4)?
0
Suppose 8*q = 3*q - 2*w - 33, 0 = 5*q + 5*w + 45. Let i(s) = 2*s**2 + 8*s + 6. Give i(q).
16
Let l(v) = v + v - 7*v - 6 + v**2. Let t = 10 + -5. Calculate l(t).
-6
Let k(b) = -b + 1. Let a(u) = 0*u + 3*u - 5*u - 1 + 0*u. Let z(h) = a(h) - 5*k(h). Let w = 17 - 13. Determine z(w).
6
Let k(d) = 1 - 2*d + 0*d + 15*d**2 + 2*d. Let f be k(1). Suppose 4*m + f = -0. Let p(c) = c**2 + 2*c - 1. What is p(m)?
7
Suppose r - 4*w + 11 = 0, w - 29 + 5 = -4*r. Let f(g) = -5*g**2 - 2*g + 3*g + g**3 - 7*g**3 + r*g**3. Determine f(-5).
-5
Let b(h) be the third derivative of -h**5/60 - h**4/24 - h**3/6 - 4*h**2. Give b(-4).
-13
Let x = 7 - -9. Suppose 4 = m - 3*m + 2*y, 0 = -4*y - x. Let s(w) = w**2 + 6*w - 1. Calculate s(m).
-1
Let u be (210/49 - 4) + 94/14. Let l(o) = -o**2 + 8*o - 10. Give l(u).
-3
Suppose 3*y - 31 - 26 = 0. Suppose -5*u - q = 2*q - y, -4*q = 8. Let r(g) = g - 2. What is r(u)?
3
Let j(f) = 1 + 7*f**2 - 11*f**2 - 3*f**3 - 2*f + 2*f**3. Let y = -7 + 3. Give j(y).
9
Suppose 0 = -30*x + 28*x + 12. Let k(w) = -w**2 + 7*w + 5. Determine k(x).
11
Let k(m) = -m - 9. Let s(o) = -6*o + 16. Let l be s(4). What is k(l)?
-1
Let n(v) = -v**2 - v + 2*v**2 - 1 + v**2. Let i(u) = u**2 - 1. Let k(o) = o**3 - 9*o**2 + o - 9. Let r be k(9). Let h be i(r). Give n(h).
2
Let t = 119 - 121. Let i(v) = v**3 - 4*v**2 - 3*v. Determine i(t).
-18
Suppose 0 = 2*t - 3*x - 24, 2*t - 6*t = -x - 28. Let v(f) = f**3 + 7*f**2 + 5*f + 3. Let o(c) = -c**2 - c - 1. Let z(a) = t*o(a) + v(a). Give z(0).
-3
Let a(n) = -2 - 3 + 2*n + 7. What is a(-4)?
-6
Let q(a) = 5*a + 2. Let z(x) = -10*x - 4. Let s(l) = -13*q(l) - 6*z(l). Let u(r) = 5*r + 1. Let v(t) = 4*s(t) + 5*u(t). What is v(2)?
7
Let m(z) = 2*z**2 - z. Let t be m(2). Let i(d) = 2*d - 8. Calculate i(t).
4
Let k(l) = -l**2 + l. Let d be k(-1). Let j = -2 - d. Let c(n) = n**2 + 4*n + 3. Let s(q) = -q**2 - 5*q - 4. Let t(v) = -5*c(v) 